+ 63*v + v**2. Let b be o(4). Suppose -b*h + 178 = -294. Is h a composite number?
False
Let z be 5 + 63 + -1 + -3. Let q(m) = 63*m + 3 + 443*m - 12 - z*m. Is q(4) composite?
False
Suppose -5*c + 105 = 65, r + 3*c - 1273 = 0. Is r composite?
False
Let y be 40/30 + 2/3. Suppose 0 = -5*r + v - 4*v + 51, 5*r = -y*v + 54. Is ((-4)/(-6))/(4/r) - -543 a composite number?
True
Suppose 3*w - 50999 = -5*l, 5*l + 64755 = 3*w + 13736. Suppose 0 = -3*u - m + w, 3*u + 16*m = 13*m + 17013. Is u a prime number?
False
Let w(l) = -l**2 - 11*l + 7. Let o(i) = -10*i + 7. Let c(f) = 6*o(f) - 5*w(f). Let d be c(7). Let p = d - -1042. Is p a prime number?
True
Suppose 4*j - 4*w = 26804, 0 = -j + 5*j - 5*w - 26804. Let x = j - 12223. Let g = -3051 - x. Is g prime?
False
Suppose 1561810 - 5752066 - 7862769 = -225*t. Is t a composite number?
False
Is (-8)/32 + (-564328)/(-32) a composite number?
True
Let d be (-1 - -1)*15/(-30). Suppose d = -w - 5*w + 2382. Is w a composite number?
False
Suppose -18*a = -16*a - 10. Suppose -21659 = -5*n + h - 7385, -20 = a*h. Is n a composite number?
True
Is (-3145009)/(-28) - (570/40)/19 prime?
False
Let y(x) = 2181*x**2 + 11*x - 181. Is y(6) composite?
False
Let z = -19 - -18. Let v = 321 - 320. Is 4/v + 350 + 2 + z a prime number?
False
Is (-6 - (-8 + 4))/((-24)/3659196) composite?
False
Let u = 216 - 113. Let p = u + -29. Let i = p + -52. Is i a prime number?
False
Let n(s) = 13822*s - 847. Is n(12) composite?
True
Is -2 + (-97450)/(-8) + 20/(-16) + 1 composite?
True
Let k(h) = h**3 - 7*h**2 + 7*h - 9. Let c be k(6). Suppose 9*t + 81 = 27. Is (10795/10)/(c/t) prime?
False
Let d be 4/(-50)*-5 - (9 + (-258)/30). Suppose 0*l - 3*l + 2*q + 7 = 0, -2*q - 12 = -4*l. Suppose -l*p + 1786 + 1719 = d. Is p composite?
False
Let t(z) = 12*z - 104. Let h be t(9). Suppose 5*r = -h*x + 25428, -3*x + 3*r - r = -19094. Is x a prime number?
False
Let f(q) be the first derivative of 1102*q**2 + 75*q + 214. Is f(9) a prime number?
False
Let n = 3381 - 5675. Let f = 13569 - n. Is f composite?
True
Suppose -11*j + 11 + 11 = 0. Suppose -3*b + 34090 = j*m, -2*b - 26816 = -m - 9785. Is m a prime number?
False
Suppose 31*s - 35*s + 3*l = -3708, -2*l = -s + 922. Let o = -486 + -35. Let f = o + s. Is f a composite number?
False
Suppose 0 = 204*f - 197*f - 14. Suppose f*q - 30611 = -5*c, 6127 = c - 2*q + 4*q. Is c prime?
True
Let c(x) = -x**2 - 32*x - 119. Let b be c(-27). Let l(h) = -h**2 + 23*h + 51. Is l(b) prime?
True
Suppose -8*r + 5*r + 4981614 = 19*r. Is r a prime number?
False
Let j = -157455 - -425314. Is j a composite number?
True
Let n be (2 - 180*1)*-1. Let o(i) = i**3 + 30*i**2 + 20*i - 149. Let t be o(-29). Suppose n = 2*d - t. Is d a composite number?
True
Let h(y) = -27995*y - 13. Let w be h(-3). Suppose w = 31*n - 3*n. Is n a composite number?
False
Suppose j + 7*i - 25 = 2*i, 0 = 4*j + 3*i - 32. Suppose -4832 = -j*l + 1028. Let k = l + -705. Is k a composite number?
False
Let v(x) = 511*x - 64. Suppose -4*k + 31 = -0*z + z, 0 = -z - 2*k + 21. Is v(z) composite?
False
Let t = 1509968 - 451047. Is t a prime number?
True
Let o(a) = 19*a**2 - a + 8641. Let p be 24/(-132) - (-2)/11. Is o(p) a prime number?
True
Let n(y) = -2*y**3. Let v(r) = -11*r**3 + 22*r**2 - 44*r + 22. Let x(m) = 6*n(m) - v(m). Is x(-25) composite?
True
Let l be 4*19*23/92. Suppose 22*d - l*d = 4317. Is d prime?
True
Suppose -10*f - 27754 = -89614. Suppose f = 698*i - 692*i. Is i composite?
False
Let m = -1436 - -22210. Let y = 31831 - m. Is y composite?
False
Let k be 21/(-35) + (-6)/(-10) + 14. Suppose k*w = 9*w + 905. Let g = w - -10. Is g a prime number?
True
Let o(r) be the second derivative of r**4/4 + 7*r**3/6 - 39*r**2/2 - 26*r + 3. Is o(-10) prime?
True
Let m be ((-291)/(-2))/1 - 3/6. Let z = 452 - m. Is z prime?
True
Let z = -191 - -190. Is (-3 - -8) + z + 4003 prime?
True
Let k = -73 + 75. Suppose -v + k*c - 16 = 4, 5*v = -4*c - 30. Is ((-16)/20 - -1) + (-1408)/v prime?
False
Let f be 5 - (2 + (-1 - 0)). Suppose 80 = f*r + 4. Suppose 5*h = 2*q - q - 32, -2*q + r = -h. Is q composite?
False
Let m(w) = 163*w + 1867. Is m(120) prime?
False
Suppose -4*i + 5*u - 40 = -3*i, i + u = -28. Is i/(-5) - (-16879 - -6) a prime number?
True
Let y = 4128 + 28009. Suppose 18*x - 20*x = 2*f - 64226, y = f - 5*x. Is f prime?
True
Suppose 44*r - 248476 + 581551 = 5662663. Is r a composite number?
True
Suppose j + 0*b - 64918 = 3*b, -259658 = -4*j - 2*b. Suppose -15*c = -j - 51920. Is c prime?
True
Let q(b) = -679*b. Let r(m) = -m + 17. Let f be r(16). Let l be ((-1)/2 - 2/4)*f. Is q(l) prime?
False
Suppose -6*u + u = 5. Let c = -113 + 126. Is (c*(2 - u))/1 a prime number?
False
Suppose 4*g = 2*j - 591378, j - 4*g - 358720 + 63035 = 0. Is j composite?
False
Let r(p) = 128*p**2 + 10*p + 39. Let c(i) = -382*i**2 - 29*i - 118. Let m(f) = -4*c(f) - 11*r(f). Is m(6) a composite number?
True
Suppose -2*z - 15 - 57 = 0. Let x = 36 + z. Is (x - (-596)/(-16))*-4 a composite number?
False
Let u(o) = -34*o**3 - 10*o**2 - 6*o + 6. Let j be u(-6). Suppose 0 = -9*a + 2631 + j. Is a composite?
True
Suppose 231*g + 31040 = 235*g. Let y = g + -4875. Is y a composite number?
True
Let i(s) = 4667*s**2 + 157*s - 11. Is i(20) a composite number?
False
Let i(k) = 4575*k**2 - 7*k - 23. Is i(3) a prime number?
True
Suppose -26*h = -31*h + 37665. Let j = h + -1336. Is j composite?
False
Let d = -11449 - -23772. Is d prime?
True
Suppose 2*d - 121 - 135 = 0. Suppose -10*w = -6*w + d. Is -1*(6/(-8) + 7112/w) prime?
True
Let j = 32 - 32. Suppose 3*z = 7*z - 3*o - 35, -3*z - 4*o - 5 = j. Suppose -4*v + r = z*r - 588, 3*r + 127 = v. Is v a prime number?
False
Suppose -4*p = -5*i - 125813, -p + 5*i + 19940 = -11502. Is p composite?
True
Let g = 5444 - 583. Is g a prime number?
True
Let f be 13 + 3 - (0 - 0). Let a be ((-213)/(-12))/((-4)/f). Let v = 8 - a. Is v composite?
False
Let h = 381879 + 208544. Is h a composite number?
True
Let v = 31319 + -1213. Is v composite?
True
Suppose 16*s - 2*p - 3087683 = -958875, 2*s - 4*p = 266086. Is s a composite number?
False
Let y = 218 - 218. Suppose y = -9*o - 1556 + 29753. Is o composite?
True
Let b = 172 - 170. Suppose -b*p - 3*h = -2791, -p - h + 1398 = -2*h. Is p composite?
True
Is (1 - 2)*652967*(-1)/7 composite?
False
Let d(o) = -4*o**3 + 79*o**2 + 6*o + 7. Is d(-36) a composite number?
True
Suppose 5*n = a + 3075 + 13610, n - 3337 = 3*a. Is n prime?
False
Suppose p + f = -103, 3*p = p - f - 207. Is 6/8 + 2*(-30433)/p prime?
False
Let w = 287310 + -168481. Is w prime?
False
Suppose 29 + 6 = 7*f. Suppose 3*d = 2*d + f, -2*s - 3*d = -24605. Is s prime?
False
Let b = 99 - 111. Let h be (1 - 1 - 2)*2. Is (b/(-21))/(h/(-7294)) a prime number?
False
Let x(k) be the first derivative of 31*k**5/20 + 19*k**4/24 + 2*k**3/3 - 4*k - 38. Let j(n) be the third derivative of x(n). Is j(9) composite?
False
Let x = 184 + -178. Is 27040/12 - 2/x a composite number?
True
Suppose 17*s + 40 = 22*s. Let v = -5 + s. Suppose v*y + 7*y = 1290. Is y composite?
True
Let a(y) = 316*y**2 - 12*y - 29. Let n = -380 + 390. Is a(n) a composite number?
True
Suppose 4*i - 3*q = 460175, -324*i - 2*q - 230088 = -326*i. Is i a composite number?
True
Let o(f) be the first derivative of -f**4/4 - f**3/3 + f**2 - 2*f - 25. Let b be o(-2). Is 797/(5/(b + 7)) a composite number?
False
Suppose -150*g + 359565 = 129*g - 264*g. Is g prime?
True
Let g = -85539 + 121402. Is g a prime number?
True
Let g(c) = 58 - 157*c + 71*c + 11 - 218*c. Is g(-6) prime?
False
Suppose -38*v - 3528 = -47*v. Let n = v - 313. Is n a prime number?
True
Suppose 2 = -5*t + 6*t. Suppose -5*u + 0*h + h + 1 = 0, -t*h = -3*u + 2. Suppose u = 5*g - 1691 - 2244. Is g composite?
False
Let u(y) be the third derivative of -247*y**4/24 - 13*y**3 + 4*y**2 - 12*y. Is u(-23) composite?
True
Let a = -8959 - -9676. Suppose -5*s - 838 = 322. Let l = s + a. Is l a composite number?
True
Suppose -5*m + 96453 + 74489 = 3*r, 4*m + r - 136755 = 0. Is m composite?
True
Suppose -146*k = -151*k + 46520. Suppose 0 = 24*x - 16*x - k. Is x composite?
False
Let r = -74 - -78. Suppose -2*w - 3732 = -2*o, 7473 = r*o - w + 6*w. Is o composite?
False
Suppose -o - 62 = -82. Let t(s) = -s**3 + 20*s**2 + s - 15. Let z be t(o). Suppose -j + 3*w = j - 364, 0 = -j + z*w +